
Suppose 2*s = -9 + 25. Let i = -7 + s. What is the units digit of i?
1
Let u(y) = y**3 - 11*y**2 + 9*y + 30. What is the units digit of u(10)?
0
Let m = -10 - -7. Let d = 3 - m. What is the units digit of d?
6
Suppose 2*h - 3*h - 4*g = -26, -4*g = 2*h - 36. Suppose -5*u + h*p = 5*p - 60, 5*u - 36 = -p. What is the units digit of u?
8
Let w(k) = 3*k**2 + 17*k - k**2 - 9 + 2*k - 3*k**2. Let i be w(8). Suppose -i = -5*n + 6. What is the tens digit of n?
1
Let q = -14 - -26. Suppose 4*w + 2*h = 24, -3*h + 0 - q = 0. What is the units digit of w?
8
Suppose -2*k = -5*k + 198. Suppose -k = -5*x - 21. What is the units digit of x?
9
Let b(c) = 4*c**3 - 4*c**2 + c**2 - 5*c**3 - c. Let x be b(-1). What is the units digit of 2/((-2 + 1)/x)?
2
Suppose -3*r = -5*r + 10. Suppose -5 = -r*y + 5. Suppose d = 4*o - 7*o + 7, 4 = -y*d. What is the units digit of o?
3
Let h = 2 - -1. Suppose k + 4*u = 33, -k + h*k - u - 21 = 0. Suppose -2*c - 3*y + k = -2*y, 0 = -5*c + y + 22. What is the units digit of c?
5
Suppose 5*z + 3*g - 80 = -2, 2*g = 2. What is the units digit of z?
5
Let j(n) = -n**2 - 7*n. Let x be j(-5). Suppose -z = -6*z + x. What is the units digit of (z/4)/(-1)*-28?
4
Suppose -2*q - 111 = -a, -3*q = 2*q - 5*a + 285. Let v = -108 - q. What is the units digit of (1/(-3))/(6/v)?
3
Let x(t) = -t**3 - 4*t**2 - 2*t + 3. Let w(u) = u + 3. Let y be w(-7). What is the units digit of x(y)?
1
Suppose 4*x = 4*b + 44, -2*x - 4*b + 5 + 17 = 0. What is the units digit of x?
1
Let t(f) = f**3 - 7*f**2 + 6*f + 2. Let c be t(6). Let m(r) = c*r**2 + r**3 + r + 3*r**2 + 3*r. What is the units digit of m(-3)?
6
Let y be (12/(-9))/(1/(-3)). Suppose -y*h + 18 = k, -2*k + 4*h = -k + 14. What is the units digit of k?
2
Let c = 80 + -55. Suppose -2*g + c = 5*k, 4*k + 3*g - 30 = -k. Let l = 4 - k. What is the units digit of l?
1
Let h be 2*(93/6 - 1). Let s = h - 13. Suppose l - s = -l. What is the units digit of l?
8
Suppose 0 = -c - 1, 5*c + 0*c = -5*v. Suppose y - 2 = v. What is the units digit of y?
3
Suppose 4*f = -f + 25. Suppose -f*i = -19 - 6. What is the units digit of i?
5
Suppose n - 26 = -5. Let b be (0 + n/3)*1. Suppose -3*d + 26 = -b. What is the units digit of d?
1
Let h = -51 - -79. What is the tens digit of 1 + (h - 8/4)?
2
Let l = -6 + 10. Suppose -x + 0*x + l*n + 33 = 0, -2*n = 3*x - 71. Let z = -17 + x. What is the units digit of z?
8
Suppose 135 = -4*j + 5*j. Suppose 0 = -5*w - 4*l + j, -2*w + 38 = -w + 3*l. Suppose 3*m - 13 = w. What is the tens digit of m?
1
Suppose 0 = -u - 5*v + 1, 4*u - 2 = 2*v + 2. Let f(t) = -3*t - 22. Let d be f(-10). Let m = u + d. What is the units digit of m?
9
Let i(s) = -s. Let v be (-2)/8 - 84/(-16). Suppose 26 = -v*l - 4. What is the units digit of i(l)?
6
Let p(j) = -j**3 - 6*j**2 + 6. Let b = -13 - -7. Let d be p(b). Suppose 2*k + 36 = d*k. What is the units digit of k?
9
Suppose -2*u - 5*g = -42, 5*u - 120 = u - g. What is the units digit of u?
1
Suppose -4*g = -1 + 17. What is the units digit of 0 - (g - 0 - 35)?
9
Let b(i) = i**3 + 9*i**2 - 9*i + 2. Let v be b(-10). Let d(u) = 5*u + 9. Let h(m) = -m + 1. Let s(g) = -d(g) - 2*h(g). What is the tens digit of s(v)?
1
Suppose -3 = -3*f + 4*i + 8, -1 = -3*f - i. Suppose -5*b + 13 = -v - v, v - f = b. Suppose -v = 4*y - 14. What is the units digit of y?
2
Let s(r) = -3*r**2 + 5*r - 5. Let d(x) = 4*x**2 - 6*x + 6. Let j(k) = 5*d(k) + 6*s(k). Let m be j(1). Suppose 0 = m*b + 6 - 14. What is the units digit of b?
4
Let d(p) = -p**2 - 8*p + 2. Suppose -4*x + 18 = -3*y, 0*y - 4*x = 3*y + 18. What is the tens digit of d(y)?
1
Let h(k) = 2*k**3 - 17*k**2 - 10*k + 21. What is the tens digit of h(9)?
1
Suppose 0*x - 33 = -3*x. Let i = x - 0. What is the tens digit of i?
1
Let f = -2 - -4. What is the units digit of 4 + (6 + f)/(-4)?
2
Let k(m) be the second derivative of -3*m**5/2 + m**3/6 + m**2/2 - 2*m. What is the tens digit of k(-1)?
3
Let k be 18/12 - (-6)/(-4). Let t be -1 - (-52 + 3 + k). Suppose 4*z + b = -3*b + t, -z + 3*b + 16 = 0. What is the units digit of z?
3
Let a = -1 + 7. What is the units digit of (-12)/(1*a/(-3))?
6
Suppose -4*r = -2*r - 5*c + 24, 0 = -2*c. Let l be r/(-5)*35/2. Suppose 0 = -2*i + 7*i - 2*v - 24, 0 = 5*i + 4*v - l. What is the units digit of i?
6
Let q(i) = i**3 - 5*i**2 + 2*i + 1. Suppose -b = -5*c + 10, b - 3*b + 3*c + 1 = 0. What is the units digit of q(b)?
1
Suppose -100 = -3*s + s - 2*v, 5*v = -s + 70. What is the units digit of s?
5
Suppose -3*q - 9 = 3*g, -3*q - 2*g - 1 = 13. What is the units digit of q/20 - 24/(-10)?
2
Suppose 2*c = 3*l - 7, -3*c - 2*c = -4*l. Suppose c*m - 5*v - 113 = 0, 4*m + 5*v - 6 - 97 = 0. What is the units digit of m?
7
Suppose 5*v - 9*v + 16 = 0. Suppose 6*b - 3*k - 4 = 2*b, -2*b + 3*k - v = 0. Suppose -b*f = o - 45, 5*o + 18 = 2*f + o. What is the tens digit of f?
1
Suppose -2*b + 11 = 1. Suppose 3*i - u - 35 = -0*i, -2*u = b*i - 51. What is the tens digit of i?
1
Suppose -a + 40 = 4*b, 4*b - b - 47 = -5*a. Suppose 0 = 2*n - 5*w - b, -3*n - 2*w + 2 = -2. What is the units digit of (13 - 7) + 2/n?
7
Suppose -55 + 230 = 5*t. What is the units digit of t?
5
Suppose -25 = 5*p, 3*p - p - 431 = -3*x. What is the hundreds digit of x?
1
Let o(q) = q**2 - 9*q + 2. Let i be o(9). Suppose i*p - 77 = -15. What is the units digit of p?
1
Let n be (9/6)/((-1)/(-2)). Suppose -91 = -2*p + n*d, 5*d + 29 + 27 = p. What is the tens digit of p?
4
Let x(h) = h**2 + 5*h + 2. Let t be x(-5). Suppose -t*w = -0*w + 6. Let v = w - -10. What is the units digit of v?
7
Let c = -3 + 11. Let m = -12 + c. Let j = m - -5. What is the units digit of j?
1
Let t(c) = -6*c + 3. What is the tens digit of t(-3)?
2
Let p(a) = 4*a - 7 + a + 2*a**2 + a**2 - 2*a**2. What is the tens digit of p(-8)?
1
Suppose 0 = -s + 4*s - 18. Suppose -u - 10 = -s*u. Suppose -u*o + o + 8 = 0. What is the units digit of o?
8
What is the units digit of 82/(-5)*30/(-12)?
1
Let m(a) = -a**2 + 17*a - 2. What is the tens digit of m(13)?
5
Let j(q) = -3*q**2 - 13*q + 2. Let i(n) = 2*n**2 + 12*n - 1. Let a(l) = 4*i(l) + 3*j(l). Let x = 23 - 17. What is the units digit of a(x)?
0
Let w(i) = i**2 - 7*i - 9. Let z be w(8). Let u = 1 + z. Suppose 2*n = 3*o - 2*o - 26, 4*o - 2*n - 74 = u. What is the tens digit of o?
1
Suppose 3*g - g = -48. What is the units digit of (g/(-18))/(2/12)?
8
Suppose -3 + 9 = 6*n. What is the units digit of n?
1
Let z be (-3)/2*160/(-12). Let m = z + -8. Suppose 3*d = -d + m. What is the units digit of d?
3
Let d(r) be the first derivative of 3*r**2 - 3*r - 3. What is the units digit of d(2)?
9
Let u(q) = -2*q - 5. What is the units digit of u(-5)?
5
Let l(y) = -y**3 + 3*y**2 - 4*y - 1. Let c be l(4). Let m = c - -53. What is the tens digit of m?
2
What is the units digit of (-2)/(-13) + (-216)/(-117)?
2
Let o be (-15)/10 + (-9)/(-2). Suppose o*t - 57 = -0*t. What is the tens digit of t?
1
Suppose -5*w = -13 - 2. What is the units digit of (0 + w)/((-2)/(-4))?
6
Suppose 0 = -3*n - 6, 5*g + 0*g - 5*n = 195. What is the units digit of g?
7
What is the units digit of -27*((-160)/15 + 2)?
4
Suppose 3*p + 0*p - 105 = 0. What is the tens digit of p?
3
Suppose -3*q + 5*q - 74 = 0. What is the tens digit of q?
3
Suppose 5*s - 2*r + 6 = 0, 0 = -4*s + 4*r - 17 + 5. Let o(n) = n**3 - 7 + s*n**3 + 0*n + 3*n + 0*n + 7*n**2. What is the tens digit of o(-6)?
1
Let b = 4 + -18. What is the tens digit of ((-24)/(-7))/((-2)/b)?
2
Suppose 23*f = 22*f + 112. What is the units digit of f?
2
Let q(s) = s**2 + 3*s - 5. Let t be q(4). Suppose 4*p - 2 - 57 = j, -t = -p + 3*j. Suppose -p = -5*z + 4*z. What is the units digit of z?
4
What is the units digit of ((-2)/(-3))/((-10)/(-2445))?
3
Suppose 5*j - 8 = 3*j, -7 = -5*g + 2*j. Let v = -5 - -8. Suppose -5*l - 15 = -4*u, -u + g*u = -v*l + 35. What is the units digit of u?
0
Suppose -45 = -5*n - 5*b, 5*b - 2*b = 15. Let d(x) = -1 - n + x**2 + 2*x + x**3 - 7*x**2. What is the units digit of d(6)?
7
Suppose -168 = 3*h - 3*u, -2*h - 86 = u + 32. Suppose a + 2*g = -12, a + 0*g + g = -10. What is the units digit of (-4)/16 + h/a?
7
Let r = -4 + 6. Suppose -r*s + 2*c = 4, -4*s - 13 = -2*c - 3*c. What is the units digit of s?
3
Let c(p) = -2 + 6 + 3*p + p. Let r be c(-3). Let g(j) = -j**3 - 9*j**2 - 9*j - 1. What is the units digit o